11. Give g(-22).
31
Let x(j) = -1431*j - 61575. What is x(-43)?
-42
Let l(d) = 9*d**3 - 45*d**2 - 45*d + 315. Calculate l(5).
90
Let s(v) = -5194*v + 361. What is s(0)?
361
Let f(d) = -d**3 + 29*d**2 - 121*d + 442. Determine f(25).
-83
Let b(v) = -9*v**3 + 21*v**2 + 73*v - 158. What is b(4)?
-106
Let d(i) = -1733*i**3 + 6*i**2 + 16*i - 16. Calculate d(1).
-1727
Let r(p) = 2055*p + 331116. Give r(-161).
261
Let k(d) = 35*d**3 + 72*d**2 + 7*d + 16. Determine k(-2).
10
Let p(x) = -237*x**2 + 1156*x + 154. Determine p(5).
9
Let w(z) = 41*z**3 + 534*z**2 + 504*z + 11. Calculate w(-12).
11
Let q(x) = x**2 + 24280*x - 5365286. What is q(219)?
-5
Let g(d) = 5044*d - 50449. Give g(10).
-9
Let f(v) = 2949*v - 224270. Give f(76).
-146
Let c(s) = 225*s + 32915. Determine c(-146).
65
Let v(c) = -1428147*c + 37131815. Determine v(26).
-7
Let a(c) = -823*c - 30375. Give a(-38).
899
Let v(m) = -8*m**3 + 77*m**2 + 6*m + 241. Determine v(10).
1
Let g(k) = 2*k**2 + 1060*k - 318461. Determine g(214).
-29
Let s(c) = -c**3 + 45*c**2 - 554*c + 17975. Determine s(42).
-1
Let v(w) = 4*w**2 - 222*w + 1128. Give v(6).
-60
Let a(t) = -72*t**2 - 501*t + 94. Calculate a(-7).
73
Let d(x) = -113*x**2 - 3961*x - 2. Calculate d(-35).
208
Let q(t) = -59*t - 8787. Determine q(-144).
-291
Let l(b) = -b**3 - 115*b**2 + 1366*b - 2079. Determine l(-126).
441
Let a(l) = -117*l + 7244. Calculate a(52).
1160
Let f(n) = -3250*n + 16581. Determine f(6).
-2919
Let h(g) = 7*g**2 - 1516*g - 2113. Determine h(218).
67
Let s(x) = 5*x**2 - 232*x - 13666. What is s(-34)?
2
Let n(v) = -v**2 - 33*v + 39. Give n(-29).
155
Let i(f) = 546595*f + 6. Determine i(0).
6
Let y(d) = 3221*d + 32983. Give y(-10).
773
Let l(b) = -b**3 + 3*b**2 - 8*b + 1. Determine l(-9).
1045
Let x(o) = -11839*o + 11836. What is x(1)?
-3
Let z(p) = -p**2 + 297*p + 59024. Determine z(-139).
-1580
Let k(t) = -t**3 + 228*t**2 - 335*t + 182851. Give k(230).
1
Let b(j) = -2989*j + 122597. What is b(41)?
48
Let v(r) = 9747*r + 994233. Calculate v(-102).
39
Let q(n) = -27*n + 1320. Give q(79).
-813
Let s(p) = 148*p + 77. What is s(11)?
1705
Let s(m) = 1298*m + 24681. Give s(-19).
19
Let d(h) = -14*h**2 - 6618*h + 15185. Calculate d(-475).
-15
Let h(i) = 86880*i - 347626. Determine h(4).
-106
Let v(s) = 273319*s + 24325386. Give v(-89).
-5
Let l(s) = -3*s**2 - 452*s + 4762. Give l(10).
-58
Let x(m) = -98*m**2 - 7*m + 45. What is x(-6)?
-3441
Let q(z) = -1975*z - 2455. Calculate q(-1).
-480
Let a(y) = 208*y**2 - 620*y - 624. Give a(-1).
204
Let x(a) = 103093*a - 9793846. Determine x(95).
-11
Let q(b) = 51*b**2 - 43074*b - 129674. Calculate q(-3).
7
Let v(p) = 4*p**2 + 502*p + 13475. Calculate v(-89).
481
Let o(f) = 1907*f + 17487. What is o(-9)?
324
Let h(u) = -2*u**3 + 31*u**2 + 547*u + 356. What is h(-10)?
-14
Let b(o) = o**3 - 108*o**2 - 5*o + 13. What is b(0)?
13
Let m(d) = -180*d - 57064. Give m(-305).
-2164
Let m(w) = 423*w + 17138. Give m(-35).
2333
Let t(y) = -y**3 - 182*y**2 + 1914*y - 648. Give t(-192).
504
Let n(p) = -4*p**2 - 13*p + 108. Determine n(-12).
-312
Let m(a) = 7490*a - 52558. Give m(7).
-128
Let q(l) = 37*l**3 + 101*l**2 - 74*l - 30. Determine q(1).
34
Let v(d) = 2*d**3 + 77*d**2 - 39273*d - 1530112. Give v(-39).
14
Let p(a) = 3*a**3 + 33*a**2 + 66*a + 706. What is p(-12)?
-518
Let d(a) = -314*a + 11059. Determine d(42).
-2129
Let v(r) = 7112*r + 99502. Determine v(-14).
-66
Let c(p) = -49*p - 10075. Calculate c(-206).
19
Let u(t) = -1084*t**2 - 3279*t - 68. Give u(-3).
13
Let u(n) = -4684*n - 23421. Give u(-5).
-1
Let n(c) = -c**3 + 66*c**2 - 1460*c + 93899. Calculate n(66).
-2461
Let p(i) = -2*i**3 + 58*i**2 - 163*i + 140. Calculate p(26).
-42
Let a(g) = g**3 + 119*g**2 + 36*g + 4174. Determine a(-119).
-110
Let t(s) = s**3 + 224*s**2 - 305*s - 18072. Determine t(-225).
-72
Let f(t) = t**3 + 97*t**2 - 1336*t + 3. What is f(12)?
-333
Let x(w) = 2*w**3 - 64*w**2 - 279*w + 8903. Calculate x(32).
-25
Let f(v) = v**3 - 220*v**2 - 71*v + 63423. Determine f(219).
-87
Let p(u) = 773*u**3 + 3089*u**2 - 5*u - 24. Calculate p(-4).
-52
Let d(i) = 294229*i - 588462. Determine d(2).
-4
Let b(v) = -470*v + 9400. Give b(20).
0
Let a(r) = r**3 + 104*r**2 + 133*r + 3078. Determine a(-103).
-12
Let a(h) = -4*h**2 + 94*h + 3115. What is a(42)?
7
Let r(f) = -f**3 + 1338*f**2 - 39234*f - 135. Calculate r(30).
45
Let t(p) = -3*p**3 + 167*p**2 + 2128*p - 99884. Calculate t(58).
-8
Let l(n) = n**2 + 230*n + 17042. Calculate l(-94).
4258
Let n(g) = 2*g**3 - g**2 - 255*g - 1009. Determine n(-4).
-133
Let c(m) = -1243*m + 31126. What is c(25)?
51
Let n(w) = 14570*w**2 - 233131*w - 12. Determine n(16).
-188
Let u(b) = 96*b**3 - 384*b**2 - 11*b + 36. Determine u(4).
-8
Let n(t) = -8*t**3 - 187*t**2 + 4922*t + 18082. Calculate n(-38).
-6
Let k(d) = d**3 - 34*d**2 - 76*d + 3598. What is k(33)?
1
Let u(n) = 7034*n**2 - 35102*n - 350. Determine u(5).
-10
Let d(h) = 14485*h - 362138. Calculate d(25).
-13
Let v(w) = -681*w + 132179. Determine v(194).
65
Let d(n) = -9*n**2 - 95*n + 128. What is d(0)?
128
Let r(v) = -5*v**3 - 2488*v**2 - 12414*v - 19. What is r(-5)?
476
Let d(m) = -107*m**2 + 9404*m - 287. What is d(88)?
-1343
Let p(x) = -15*x**2 + 231*x - 2188. Calculate p(10).
-1378
Let t(g) = 3*g**3 + 133*g**2 - 465*g - 58. Give t(-48).
-3082
Let p(o) = o**3 - 23*o**2 - 127*o + 585. Determine p(27).
72
Let x(h) = -h**2 + 267*h + 26. Determine x(0).
26
Let r(a) = 6406250*a - 12812509. Calculate r(2).
-9
Let z(k) = -12*k - 860. Calculate z(-37).
-416
Let w(o) = 13271*o + 397781. Calculate w(-30).
-349
Let n(o) = 994*o + 77057. Calculate n(-78).
-475
Let q(y) = 872*y**2 - 13104*y + 363. What is q(15)?
3
Let m(g) = -7155*g - 14603. Give m(-2).
-293
Let c(v) = 86*v**2 - 38805*v + 8572. What is c(451)?
3
Let r(w) = 5*w**2 - 2153*w + 104246. Give r(375).
-4
Let x(a) = 92426*a - 461929. What is x(5)?
201
Let y(m) = 14*m - 1771. Calculate y(88).
-539
Let p(t) = -170*t**3 + 5099*t**2 + 30*t + 10. What is p(30)?
10
Let m(x) = -x**3 - 166*x**2 - 4485*x + 359. Determine m(-132).
-37
Let g(t) = -t**3 + 36*t**2 + 1542*t - 54819. Calculate g(41).
-2
Let b(c) = -128*c**2 + 2255*c + 2257. Calculate b(-1).
-126
Let j(v) = -1149*v + 2551. What is j(2)?
253
Let q(d) = -d**3 - 44*d**2 - 219*d - 5642. Determine q(-42).
28
Let l(x) = -15750*x + 173248. Determine l(11).
-2
Let l(y) = -79131*y - 949659. Calculate l(-12).
-87
Let h(t) = -119*t + 3754. Determine h(33).
-173
Let z(c) = 3*c**3 - 158*c**2 - 1156*c + 2055. Determine z(59).
-10
Let r(b) = -4*b**3 - 26*b**2 + 162*b + 996. Determine r(-4).
188
Let j(q) = -686*q + 40445. Calculate j(59).
-29
Let s(b) = 44*b**2 - 8878*b - 29109. Calculate s(205).
1
Let t(c) = -5*c**3 + 725*c**2 + 531*c + 29050. Calculate t(146).
-4
Let x(i) = -2*i**3 - 244*i**2 - 715*i - 79. Give x(-119).
40
Let z(x) = 2*x**3 - 258*x**2 + 259*x + 154. Calculate z(128).
538
Let s(v) = 48*v + 3268. Determine s(-34).
1636
Let k(q) = q**3 + 3584*q**2 - 35425*q + 1850911. What is k(-3594)?
1
Let u(c) = 664*c**2 - 29021*c - 8597. Calculate u(44).
-17
Let g(u) = 720*u**2 - 36*u + 135. What is g(0)?
135
Let m(w) = -40212*w + 603129. Give m(15).
-51
Let r(s) = 134*s**2 + 1925*s - 3534. What is r(-16)?
-30
Let s(a) = -a**2 + 105*a - 1503. What is s(23)?
383
Let q(n) = -3*n**3 - 578*n**2 - 951*n + 399. Determine q(-191).
-365
Let h(m) = 6*m**3 + 1710*m**2 + 3*m + 831. What is h(-285)?
-24
Let d(y) = -821*y - 2392. What is d(-3)?
71
Let r(t) = 645*t**2 - 4031*t - 64. Calculate r(6).
-1030
Let w(m) = 56*m**2 - 13545*m - 15316. Calculate w(243).
-7
Let d(f) = -2*f**2 + 90433*f - 5959869. Calculate d(66).
-3
Let z(d) = -10*d**2 + 25886*d + 1670502. Determine z(-63).
-6
Let o(g) = 11*g**2 - 157*g + 446. Determine o(4).
-6
Let k(c) = -8*c**2 - 812*c - 20602. Determine k(-52).
-10
Let i(p) = 101465*p - 507561. What is i(5)?
-236
Let u(s) = 182*s + 2516. What is u(-19)?
-942
Let g(k) = 123*k + 32391. Determine g(-253).
1272
Let m(u) = 73013*u + 4672832. What is m(-64)?
0
Let n(i) = 4*i**2 - 125*i - 3711. Give n(-26).
2243
Let x(l) = -l**2 - 41700*l - 375236. Give x(-9).
-17
Let r(u) = -4852*u + 786018. Calculate r(162).
-6
Let l(v) = -3*v**3 - 106*v**2 - 49*v + 849. Give l(-34).
-2109
Let j(q) = q**3 - 38*q**2 - 44*q + 109. Give j(39).
-86
Let h(b) = -3*b**2 -